{"id":43,"date":"2022-06-20T14:28:49","date_gmt":"2022-06-20T14:28:49","guid":{"rendered":"https:\/\/www.klarabuchtova.cz\/?page_id=43"},"modified":"2024-10-08T12:18:35","modified_gmt":"2024-10-08T12:18:35","slug":"o-mne","status":"publish","type":"page","link":"https:\/\/www.klarabuchtova.cz\/?page_id=43","title":{"rendered":"O mn\u011b"},"content":{"rendered":"\n<p><strong>O mn\u011b<\/strong><\/p>\n\n\n\n<p>U\u017e t\u00e9m\u011b\u0159 25 let se ve sv\u00e9 pedagogick\u00e9 praxi zab\u00fdv\u00e1m t\u00edm, jak rozv\u00edjet a podporovat dobr\u00e9 vztahy v rodin\u00e1ch a ve \u0161kol\u00e1ch.<\/p>\n\n\n\n<p>Pracuji formou individu\u00e1ln\u00edch konzultac\u00ed s rodi\u010di i d\u011btmi. P\u0159edn\u00e1\u0161\u00edm a po\u0159\u00e1d\u00e1m semin\u00e1\u0159e v oblasti v\u00fdchovy a vzd\u011bl\u00e1v\u00e1n\u00ed d\u011bt\u00ed. Organizuji divadeln\u00ed projekty pro d\u011bti a ml\u00e1de\u017e.<\/p>\n\n\n\n<p>Spolupracuji se z\u00e1kladn\u00edmi i st\u0159edn\u00edmi \u0161kolami, ve kter\u00fdch vedu semin\u00e1\u0159e pro u\u010ditele i projektov\u00e9 dny pro cel\u00e9 t\u0159\u00eddy.<\/p>\n\n\n\n<p>Z\u00e1kladem m\u00e9 pr\u00e1ce je dialogick\u00fd p\u0159\u00edstup ve vztaz\u00edch, zalo\u017een\u00fd na vz\u00e1jemn\u00e9m respektu v\u0161ech z\u00fa\u010dastn\u011bn\u00fdch. Velmi bl\u00edzk\u00fd je mi tak\u00e9 respektuj\u00edc\u00ed p\u0159\u00edstup ve v\u00fdchov\u011b d\u00e1nsk\u00e9ho rodinn\u00e9ho terapeuta Jespera Juula.<\/p>\n\n\n\n<p><strong>Moje rodinn\u00e9 z\u00e1zem\u00ed<\/strong><\/p>\n\n\n\n<p>Jsem m\u00e1mou t\u0159\u00ed d\u011bt\u00ed ve v\u011bku 16, 10 a 7 let, \u017eiji v kulturn\u011b sm\u00ed\u0161en\u00e9m man\u017eelstv\u00ed. Ve Frankfurtu nad Mohanem jsem vystudovala pedagogiku se zam\u011b\u0159en\u00edm na rodinn\u00e9 poradenstv\u00ed. Je mi bl\u00edzk\u00fd respektuj\u00edc\u00ed p\u0159\u00edstup ve v\u00fdchov\u011b d\u00e1nsk\u00e9ho rodinn\u00e9ho poradce Jespera Juula.<\/p>\n\n\n\n<p><br>Jsem m\u00e1mou t\u0159\u00ed d\u011bt\u00ed ve v\u011bku 20, 14 a 11 let. \u017diji v kulturn\u011b sm\u00ed\u0161en\u00e9m man\u017eelstv\u00ed. Propojov\u00e1n\u00ed r\u016fzn\u00fdch kultur, ale i rozli\u010dn\u00fdch soci\u00e1ln\u00edch prost\u0159ed\u00ed n\u00e1m umo\u017e\u0148uje nahl\u00ed\u017eet pod pokli\u010dku nezn\u00e1m\u00e9mu a z\u00e1rove\u0148 n\u00e1s stav\u00ed p\u0159ed pot\u0159ebu domluvit se, i p\u0159es zna\u010dn\u00e9 rozd\u00edlnosti. Mluv\u00edme doma t\u0159emi jazyky: \u0161pan\u011blsky, \u010desky a n\u011bmecky. Na\u0161e \u0161ir\u0161\u00ed rodina \u017eije od \u010cesk\u00e9 republiky p\u0159es N\u011bmecko, Rakousko, USA a\u017e po Chile.<\/p>\n","protected":false},"excerpt":{"rendered":"<p>O mn\u011b U\u017e t\u00e9m\u011b\u0159 25 let se ve sv\u00e9 pedagogick\u00e9 praxi zab\u00fdv\u00e1m t\u00edm, jak rozv\u00edjet a podporovat dobr\u00e9 vztahy v rodin\u00e1ch a ve \u0161kol\u00e1ch. Pracuji formou individu\u00e1ln\u00edch konzultac\u00ed s rodi\u010di i d\u011btmi. P\u0159edn\u00e1\u0161\u00edm a po\u0159\u00e1d\u00e1m semin\u00e1\u0159e v oblasti v\u00fdchovy a vzd\u011bl\u00e1v\u00e1n\u00ed d\u011bt\u00ed. Organizuji divadeln\u00ed projekty pro d\u011bti a ml\u00e1de\u017e. Spolupracuji se z\u00e1kladn\u00edmi i st\u0159edn\u00edmi \u0161kolami, &hellip; <\/p>\n<p class=\"link-more\"><a href=\"https:\/\/www.klarabuchtova.cz\/?page_id=43\" class=\"more-link\">Pokra\u010dovat ve \u010dten\u00ed<span class=\"screen-reader-text\"> &#8222;O mn\u011b&#8220;<\/span><\/a><\/p>\n","protected":false},"author":1,"featured_media":80,"parent":0,"menu_order":0,"comment_status":"closed","ping_status":"closed","template":"","meta":{"footnotes":""},"class_list":["post-43","page","type-page","status-publish","has-post-thumbnail","hentry"],"_links":{"self":[{"href":"https:\/\/www.klarabuchtova.cz\/index.php?rest_route=\/wp\/v2\/pages\/43","targetHints":{"allow":["GET"]}}],"collection":[{"href":"https:\/\/www.klarabuchtova.cz\/index.php?rest_route=\/wp\/v2\/pages"}],"about":[{"href":"https:\/\/www.klarabuchtova.cz\/index.php?rest_route=\/wp\/v2\/types\/page"}],"author":[{"embeddable":true,"href":"https:\/\/www.klarabuchtova.cz\/index.php?rest_route=\/wp\/v2\/users\/1"}],"replies":[{"embeddable":true,"href":"https:\/\/www.klarabuchtova.cz\/index.php?rest_route=%2Fwp%2Fv2%2Fcomments&post=43"}],"version-history":[{"count":2,"href":"https:\/\/www.klarabuchtova.cz\/index.php?rest_route=\/wp\/v2\/pages\/43\/revisions"}],"predecessor-version":[{"id":65,"href":"https:\/\/www.klarabuchtova.cz\/index.php?rest_route=\/wp\/v2\/pages\/43\/revisions\/65"}],"wp:featuredmedia":[{"embeddable":true,"href":"https:\/\/www.klarabuchtova.cz\/index.php?rest_route=\/wp\/v2\/media\/80"}],"wp:attachment":[{"href":"https:\/\/www.klarabuchtova.cz\/index.php?rest_route=%2Fwp%2Fv2%2Fmedia&parent=43"}],"curies":[{"name":"wp","href":"https:\/\/api.w.org\/{rel}","templated":true}]}}

O mně

<p><strong>O mně</strong></p>



<p>Už téměř 25 let se ve své pedagogické praxi zabývám tím, jak rozvíjet a podporovat dobré vztahy v rodinách a ve školách.</p>



<p>Pracuji formou individuálních konzultací s rodiči i dětmi. Přednáším a pořádám semináře v oblasti výchovy a vzdělávání dětí. Organizuji divadelní projekty pro děti a mládež.</p>



<p>Spolupracuji se základními i středními školami, ve kterých vedu semináře pro učitele i projektové dny pro celé třídy.</p>



<p>Základem mé práce je dialogický přístup ve vztazích, založený na vzájemném respektu všech zúčastněných. Velmi blízký je mi také respektující přístup ve výchově dánského rodinného terapeuta Jespera Juula.</p>



<p><strong>Moje rodinné zázemí</strong></p>



<p>Jsem mámou tří dětí ve věku 16, 10 a 7 let, žiji v kulturně smíšeném manželství. Ve Frankfurtu nad Mohanem jsem vystudovala pedagogiku se zaměřením na rodinné poradenství. Je mi blízký respektující přístup ve výchově dánského rodinného poradce Jespera Juula.</p>



<p><br>Jsem mámou tří dětí ve věku 20, 14 a 11 let. Žiji v kulturně smíšeném manželství. Propojování různých kultur, ale i rozličných sociálních prostředí nám umožňuje nahlížet pod pokličku neznámému a zároveň nás staví před potřebu domluvit se, i přes značné rozdílnosti. Mluvíme doma třemi jazyky: španělsky, česky a německy. Naše širší rodina žije od České republiky přes Německo, Rakousko, USA až po Chile.</p>

<p>O mně Už téměř 25 let se ve své pedagogické praxi zabývám tím, jak rozvíjet a podporovat dobré vztahy v rodinách a ve školách. Pracuji formou individuálních konzultací s rodiči i dětmi. Přednáším a pořádám semináře v oblasti výchovy a vzdělávání dětí. Organizuji divadelní projekty pro děti a mládež. Spolupracuji se základními i středními školami, &hellip; </p>
<p class="link-more"><a href="https://www.klarabuchtova.cz/?page_id=43" class="more-link">Pokračovat ve čtení<span class="screen-reader-text"> &#8222;O mně&#8220;</span></a></p>
