{"id":41,"date":"2022-06-20T14:27:53","date_gmt":"2022-06-20T14:27:53","guid":{"rendered":"https:\/\/www.klarabuchtova.cz\/?page_id=41"},"modified":"2024-09-24T12:21:25","modified_gmt":"2024-09-24T12:21:25","slug":"rodinne-poradenstvi","status":"publish","type":"page","link":"https:\/\/www.klarabuchtova.cz\/?page_id=41","title":{"rendered":"Rodinn\u00e9 poradenstv\u00ed"},"content":{"rendered":"\n<p>Nev\u00edte jak \u0159e\u0161it st\u00e1vaj\u00edc\u00ed situaci ve Va\u0161\u00ed rodin\u011b?<\/p>\n\n\n\n<p>M\u00e1te obavy o Va\u0161e d\u00edt\u011b?<\/p>\n\n\n\n<p>Jste unaveni z neust\u00e1l\u00e9ho domlouv\u00e1n\u00ed d\u011btem?<\/p>\n\n\n\n<p>M\u00e1te dost h\u00e1dek s partnerem o \u201espr\u00e1vn\u00e9\u201c v\u00fdchov\u011b d\u011bt\u00ed?<\/p>\n\n\n\n<p>Nechcete d\u00e1le p\u0159esv\u011bd\u010dovat sami sebe, \u017ee to n\u011bjak p\u016fjde?<\/p>\n\n\n\n<p>V\u011bzte, \u017ee to nen\u00ed nic v\u00fdjime\u010dn\u00e9ho a \u017ee se s n\u011bkter\u00fdm z t\u011bchto pocit\u016f pot\u00fdk\u00e1 v ur\u010dit\u00e9m obdob\u00ed rodinn\u00e9ho sou\u017eit\u00ed v\u011bt\u0161ina rodi\u010d\u016f.<\/p>\n\n\n\n<p>P\u0159i \u0159e\u0161en\u00ed slo\u017eit\u00fdch rodinn\u00fdch situac\u00ed V\u00e1m nab\u00edz\u00edm kompetentn\u00ed doprovod k dosa\u017een\u00ed zm\u011bn v komunikaci, v p\u0159\u00edstupu, k uv\u011bdom\u011bn\u00ed si nefuk\u010dn\u00edho jedn\u00e1n\u00ed a zejm\u00e9na p\u0159i hled\u00e1n\u00ed mo\u017enost\u00ed zlep\u0161en\u00ed Va\u0161ich rodinn\u00fdch vztah\u016f. Jsou to pr\u00e1v\u011b tyto nelehk\u00e1 obdob\u00ed, kter\u00e1 n\u00e1m poskytuj\u00ed \u0161anci, opustit vy\u0161lapan\u00e9 cesty a stereotypy v na\u0161em chov\u00e1n\u00ed. Jejich zm\u011bnou pak m\u016f\u017eeme v rodin\u011b nach\u00e1zet v\u00edce vz\u00e1jemn\u00e9ho respektu, porozum\u011bn\u00ed a bl\u00edzkosti.<\/p>\n\n\n\n<p>Jako vystudovan\u00e1 pedago\u017eka s letitou prax\u00ed i jako m\u00e1ma t\u0159\u00ed d\u011bt\u00ed jsem v&nbsp;neust\u00e1l\u00e9m kontaktu s \u0159e\u0161en\u00edm nejr\u016fzn\u011bj\u0161\u00edch situac\u00ed a v\u00fdzev, kter\u00e9 rodiny i m\u011b samotnou potk\u00e1vaj\u00ed.<\/p>\n\n\n\n<p>T\u00e9mata, kter\u00fdm se v\u011bnuji:<\/p>\n\n\n\n<ul class=\"wp-block-list\">\n<li>Pot\u00ed\u017ee spojen\u00e9 ze \u0161koln\u00ed doch\u00e1zkou<\/li>\n\n\n\n<li>Komplikovan\u00e9 chov\u00e1n\u00ed d\u011bt\u00ed<\/li>\n\n\n\n<li>Odta\u017eitost a odcizen\u00ed mezi d\u011btmi a rodi\u010di<\/li>\n\n\n\n<li>Nefunk\u010dn\u00ed komunikace v rodin\u011b<\/li>\n\n\n\n<li>Napjat\u00e9 vztahy s prarodi\u010di<\/li>\n\n\n\n<li>Hled\u00e1n\u00ed vlastn\u00edho rodi\u010dovsk\u00e9ho p\u0159\u00edstupu<\/li>\n\n\n\n<li>Nezvl\u00e1d\u00e1n\u00ed emoc\u00ed<\/li>\n\n\n\n<li>N\u00e1ro\u010dn\u00e9 zlomov\u00e9 situace v rodin\u011b (rozvod, rozchod, \u00famrt\u00ed, nemoc apod.)<\/li>\n\n\n\n<li>Podpora p\u0159i uzav\u00edr\u00e1n\u00ed dohod o v\u00fdchov\u011b d\u011bt\u00ed<\/li>\n<\/ul>\n\n\n\n<p>M\u00e1te-li jin\u00e9 \u010di velmi specifick\u00e9 t\u00e9ma, nebojte se ozvat. R\u00e1da V\u00e1m pomohu naj\u00edt nebo doporu\u010dit odbornici, kter\u00e1 se v\u011bnuje Va\u0161emu speci\u00e1ln\u00edmu t\u00e9matu.<\/p>\n","protected":false},"excerpt":{"rendered":"<p>Nev\u00edte jak \u0159e\u0161it st\u00e1vaj\u00edc\u00ed situaci ve Va\u0161\u00ed rodin\u011b? M\u00e1te obavy o Va\u0161e d\u00edt\u011b? Jste unaveni z neust\u00e1l\u00e9ho domlouv\u00e1n\u00ed d\u011btem? M\u00e1te dost h\u00e1dek s partnerem o \u201espr\u00e1vn\u00e9\u201c v\u00fdchov\u011b d\u011bt\u00ed? Nechcete d\u00e1le p\u0159esv\u011bd\u010dovat sami sebe, \u017ee to n\u011bjak p\u016fjde? V\u011bzte, \u017ee to nen\u00ed nic v\u00fdjime\u010dn\u00e9ho a \u017ee se s n\u011bkter\u00fdm z t\u011bchto pocit\u016f pot\u00fdk\u00e1 v ur\u010dit\u00e9m obdob\u00ed &hellip; <\/p>\n<p class=\"link-more\"><a href=\"https:\/\/www.klarabuchtova.cz\/?page_id=41\" class=\"more-link\">Pokra\u010dovat ve \u010dten\u00ed<span class=\"screen-reader-text\"> &#8222;Rodinn\u00e9 poradenstv\u00ed&#8220;<\/span><\/a><\/p>\n","protected":false},"author":1,"featured_media":0,"parent":0,"menu_order":0,"comment_status":"closed","ping_status":"closed","template":"","meta":{"footnotes":""},"class_list":["post-41","page","type-page","status-publish","hentry"],"_links":{"self":[{"href":"https:\/\/www.klarabuchtova.cz\/index.php?rest_route=\/wp\/v2\/pages\/41","targetHints":{"allow":["GET"]}}],"collection":[{"href":"https:\/\/www.klarabuchtova.cz\/index.php?rest_route=\/wp\/v2\/pages"}],"about":[{"href":"https:\/\/www.klarabuchtova.cz\/index.php?rest_route=\/wp\/v2\/types\/page"}],"author":[{"embeddable":true,"href":"https:\/\/www.klarabuchtova.cz\/index.php?rest_route=\/wp\/v2\/users\/1"}],"replies":[{"embeddable":true,"href":"https:\/\/www.klarabuchtova.cz\/index.php?rest_route=%2Fwp%2Fv2%2Fcomments&post=41"}],"version-history":[{"count":2,"href":"https:\/\/www.klarabuchtova.cz\/index.php?rest_route=\/wp\/v2\/pages\/41\/revisions"}],"predecessor-version":[{"id":70,"href":"https:\/\/www.klarabuchtova.cz\/index.php?rest_route=\/wp\/v2\/pages\/41\/revisions\/70"}],"wp:attachment":[{"href":"https:\/\/www.klarabuchtova.cz\/index.php?rest_route=%2Fwp%2Fv2%2Fmedia&parent=41"}],"curies":[{"name":"wp","href":"https:\/\/api.w.org\/{rel}","templated":true}]}}

Rodinné poradenství

<p>Nevíte jak řešit stávající situaci ve Vaší rodině?</p>



<p>Máte obavy o Vaše dítě?</p>



<p>Jste unaveni z neustálého domlouvání dětem?</p>



<p>Máte dost hádek s partnerem o „správné“ výchově dětí?</p>



<p>Nechcete dále přesvědčovat sami sebe, že to nějak půjde?</p>



<p>Vězte, že to není nic výjimečného a že se s některým z těchto pocitů potýká v určitém období rodinného soužití většina rodičů.</p>



<p>Při řešení složitých rodinných situací Vám nabízím kompetentní doprovod k dosažení změn v komunikaci, v přístupu, k uvědomění si nefukčního jednání a zejména při hledání možností zlepšení Vašich rodinných vztahů. Jsou to právě tyto nelehká období, která nám poskytují šanci, opustit vyšlapané cesty a stereotypy v našem chování. Jejich změnou pak můžeme v rodině nacházet více vzájemného respektu, porozumění a blízkosti.</p>



<p>Jako vystudovaná pedagožka s letitou praxí i jako máma tří dětí jsem v&nbsp;neustálém kontaktu s řešením nejrůznějších situací a výzev, které rodiny i mě samotnou potkávají.</p>



<p>Témata, kterým se věnuji:</p>



<ul class="wp-block-list">
<li>Potíže spojené ze školní docházkou</li>



<li>Komplikované chování dětí</li>



<li>Odtažitost a odcizení mezi dětmi a rodiči</li>



<li>Nefunkční komunikace v rodině</li>



<li>Napjaté vztahy s prarodiči</li>



<li>Hledání vlastního rodičovského přístupu</li>



<li>Nezvládání emocí</li>



<li>Náročné zlomové situace v rodině (rozvod, rozchod, úmrtí, nemoc apod.)</li>



<li>Podpora při uzavírání dohod o výchově dětí</li>
</ul>



<p>Máte-li jiné či velmi specifické téma, nebojte se ozvat. Ráda Vám pomohu najít nebo doporučit odbornici, která se věnuje Vašemu speciálnímu tématu.</p>

<p>Nevíte jak řešit stávající situaci ve Vaší rodině? Máte obavy o Vaše dítě? Jste unaveni z neustálého domlouvání dětem? Máte dost hádek s partnerem o „správné“ výchově dětí? Nechcete dále přesvědčovat sami sebe, že to nějak půjde? Vězte, že to není nic výjimečného a že se s některým z těchto pocitů potýká v určitém období &hellip; </p>
<p class="link-more"><a href="https://www.klarabuchtova.cz/?page_id=41" class="more-link">Pokračovat ve čtení<span class="screen-reader-text"> &#8222;Rodinné poradenství&#8220;</span></a></p>
