{"id":10,"date":"2022-06-20T14:13:55","date_gmt":"2022-06-20T14:13:55","guid":{"rendered":"https:\/\/www.klarabuchtova.cz\/?page_id=10"},"modified":"2024-10-07T15:20:37","modified_gmt":"2024-10-07T15:20:37","slug":"domu","status":"publish","type":"page","link":"https:\/\/www.klarabuchtova.cz\/","title":{"rendered":"Dom\u016f"},"content":{"rendered":"\n<p>\u00davod<\/p>\n\n\n\n<p>V&nbsp;roce 1995 jsem na Pedagogick\u00e9 fakult\u011b Jana Evangelisty Purkyn\u011b v&nbsp;Olomouci zapo\u010dala studia speci\u00e1ln\u00ed pedagogiky. Po dvou semestrech jsem ode\u0161la na univerzitu J. W. Goetheho ve Frankfurtu nad Mohanem, kde jsem vystudovala pedagogick\u00e9 v\u011bdy se zam\u011b\u0159en\u00edm na terapeutick\u00e9 metody a poradenstv\u00ed. V&nbsp;roce 2002 jsem studium dokon\u010dila a z\u00edskala titul Diplomovan\u00e1 pedago\u017eka.<\/p>\n\n\n\n<p>Vzd\u011bl\u00e1n\u00ed si pr\u016fb\u011b\u017en\u011b dopl\u0148uji dal\u0161\u00edmi kurzy a semin\u00e1\u0159i. Na univerzit\u011b J. W. Goetheho jsem v&nbsp;letech 2001-2003 nav\u0161t\u011bvovala kurz Divadeln\u00ed pedagogiky. V&nbsp;letech 2017-2018 jsem u mezin\u00e1rodn\u00ed organizace familylab z\u00fa\u010dastnila semin\u00e1\u0159e lektorstv\u00ed kurz\u016f familylab. V&nbsp;letech 2017-2019 jsem absolvovala vzd\u011bl\u00e1vac\u00ed program Kreativn\u00ed pedagogika na Divadeln\u00ed fakult\u011b Akademie m\u00fazick\u00fdch um\u011bn\u00ed v&nbsp;Praze.<\/p>\n","protected":false},"excerpt":{"rendered":"<p>\u00davod V&nbsp;roce 1995 jsem na Pedagogick\u00e9 fakult\u011b Jana Evangelisty Purkyn\u011b v&nbsp;Olomouci zapo\u010dala studia speci\u00e1ln\u00ed pedagogiky. Po dvou semestrech jsem ode\u0161la na univerzitu J. W. Goetheho ve Frankfurtu nad Mohanem, kde jsem vystudovala pedagogick\u00e9 v\u011bdy se zam\u011b\u0159en\u00edm na terapeutick\u00e9 metody a poradenstv\u00ed. V&nbsp;roce 2002 jsem studium dokon\u010dila a z\u00edskala titul Diplomovan\u00e1 pedago\u017eka. Vzd\u011bl\u00e1n\u00ed si pr\u016fb\u011b\u017en\u011b dopl\u0148uji &hellip; <\/p>\n<p class=\"link-more\"><a href=\"https:\/\/www.klarabuchtova.cz\/\" class=\"more-link\">Pokra\u010dovat ve \u010dten\u00ed<span class=\"screen-reader-text\"> &#8222;Dom\u016f&#8220;<\/span><\/a><\/p>\n","protected":false},"author":1,"featured_media":75,"parent":0,"menu_order":0,"comment_status":"closed","ping_status":"closed","template":"","meta":{"footnotes":""},"class_list":["post-10","page","type-page","status-publish","has-post-thumbnail","hentry"],"_links":{"self":[{"href":"https:\/\/www.klarabuchtova.cz\/index.php?rest_route=\/wp\/v2\/pages\/10","targetHints":{"allow":["GET"]}}],"collection":[{"href":"https:\/\/www.klarabuchtova.cz\/index.php?rest_route=\/wp\/v2\/pages"}],"about":[{"href":"https:\/\/www.klarabuchtova.cz\/index.php?rest_route=\/wp\/v2\/types\/page"}],"author":[{"embeddable":true,"href":"https:\/\/www.klarabuchtova.cz\/index.php?rest_route=\/wp\/v2\/users\/1"}],"replies":[{"embeddable":true,"href":"https:\/\/www.klarabuchtova.cz\/index.php?rest_route=%2Fwp%2Fv2%2Fcomments&post=10"}],"version-history":[{"count":3,"href":"https:\/\/www.klarabuchtova.cz\/index.php?rest_route=\/wp\/v2\/pages\/10\/revisions"}],"predecessor-version":[{"id":66,"href":"https:\/\/www.klarabuchtova.cz\/index.php?rest_route=\/wp\/v2\/pages\/10\/revisions\/66"}],"wp:featuredmedia":[{"embeddable":true,"href":"https:\/\/www.klarabuchtova.cz\/index.php?rest_route=\/wp\/v2\/media\/75"}],"wp:attachment":[{"href":"https:\/\/www.klarabuchtova.cz\/index.php?rest_route=%2Fwp%2Fv2%2Fmedia&parent=10"}],"curies":[{"name":"wp","href":"https:\/\/api.w.org\/{rel}","templated":true}]}}

Domů

<p>Úvod</p>



<p>V&nbsp;roce 1995 jsem na Pedagogické fakultě Jana Evangelisty Purkyně v&nbsp;Olomouci započala studia speciální pedagogiky. Po dvou semestrech jsem odešla na univerzitu J. W. Goetheho ve Frankfurtu nad Mohanem, kde jsem vystudovala pedagogické vědy se zaměřením na terapeutické metody a poradenství. V&nbsp;roce 2002 jsem studium dokončila a získala titul Diplomovaná pedagožka.</p>



<p>Vzdělání si průběžně doplňuji dalšími kurzy a semináři. Na univerzitě J. W. Goetheho jsem v&nbsp;letech 2001-2003 navštěvovala kurz Divadelní pedagogiky. V&nbsp;letech 2017-2018 jsem u mezinárodní organizace familylab zúčastnila semináře lektorství kurzů familylab. V&nbsp;letech 2017-2019 jsem absolvovala vzdělávací program Kreativní pedagogika na Divadelní fakultě Akademie múzických umění v&nbsp;Praze.</p>

<p>Úvod V&nbsp;roce 1995 jsem na Pedagogické fakultě Jana Evangelisty Purkyně v&nbsp;Olomouci započala studia speciální pedagogiky. Po dvou semestrech jsem odešla na univerzitu J. W. Goetheho ve Frankfurtu nad Mohanem, kde jsem vystudovala pedagogické vědy se zaměřením na terapeutické metody a poradenství. V&nbsp;roce 2002 jsem studium dokončila a získala titul Diplomovaná pedagožka. Vzdělání si průběžně doplňuji &hellip; </p>
<p class="link-more"><a href="https://www.klarabuchtova.cz/" class="more-link">Pokračovat ve čtení<span class="screen-reader-text"> &#8222;Domů&#8220;</span></a></p>
